- b = 0, -238 = -3*k + 4*n. Suppose 0 = -2*a + 4*t + k, -3*a + 0*a + 101 = 4*t. What is the units digit of a?
5
Let z = -199 - -91. Let q = z - -236. What is the units digit of q?
8
Let n(w) = -42*w + 93. What is the units digit of n(-17)?
7
Let x = 47 + -47. Suppose -2*k - 2*k + 8 = x. What is the units digit of ((-260)/8)/((-1)/k)?
5
Let y(a) = -1922*a + 408. What is the units digit of y(-4)?
6
Let a(s) = 20*s + 84. Suppose -3*m + 11 = -3*f - 7, 4*f + 31 = 5*m. What is the hundreds digit of a(m)?
2
Let i = -14 - -4. Let m(l) be the first derivative of -l**3/3 - 13*l**2/2 - 22*l + 27. What is the units digit of m(i)?
8
Let x(z) = -11*z**2 - 225*z + 18. What is the hundreds digit of x(-8)?
1
Suppose -126 = 24*r - 1926. What is the tens digit of r?
7
Suppose 5*t + a - 9965 = 0, -1528 - 4451 = -3*t + a. Suppose -2*s = -r - t, -223 = 3*s + r - 3215. What is the units digit of s?
7
Suppose 0 = 4*g + 79 - 55. What is the tens digit of g/2*(-1 - (1 - -4))?
1
Suppose -176*s + 44793 = -155*s. Let m = s + -1285. What is the units digit of m?
8
Let c(i) = 1908*i**2 - 19*i + 18. What is the units digit of c(1)?
7
Let n(j) = -656*j - 127. Let m be n(-7). Let k = -3177 + m. What is the units digit of k?
8
Let x(z) = 17*z**2 + 27*z + 9. Suppose -26 = a - 4*i - 0*i, -3*a - 38 = -4*i. What is the tens digit of x(a)?
5
Suppose -12*t = -30*t + 106776. What is the units digit of t?
2
Suppose 7291 = 4*p - t, -6*p + p = -3*t - 9119. Suppose -18*f + p + 140 = 0. What is the hundreds digit of f?
1
Let b(l) = 10*l**2 - 6*l + 8. Suppose -v = 11 - 21. Let f(c) = -2*c + 23. Let i be f(v). What is the units digit of b(i)?
0
Let x(g) = 330*g**2 - 1. Let l be x(1). Suppose 0 = 323*q - l*q + 276. What is the tens digit of q?
4
Let l = -29 - -416. Suppose 4*i = -m + 11, -3*m + 4*m - i = 1. Suppose -2*r + 3*v + l = m*r, 2*r - 152 = 4*v. What is the tens digit of r?
7
Let i(k) = 430*k - 3436. What is the ten thousands digit of i(52)?
1
Let a(o) = 5*o + 43. Let p be a(-8). Suppose 28*r - 26*r - 4*i - 2366 = 0, -3*r + p*i + 3543 = 0. What is the units digit of r?
9
Let j be (-1 - 2) + 5*12/20. Suppose j = 8*s - 8. What is the hundreds digit of (-810)/(-6) + 0/s?
1
Let o(m) = 5*m - 5. Let s be o(2). Let i(f) = 6*f**2 - 10*f - 2. Let g(x) = -7*x**2 + 11*x + 1. Let y(p) = 4*g(p) + 5*i(p). What is the units digit of y(s)?
4
Let k = -60434 - -99913. What is the tens digit of k?
7
Let l(j) = 2*j**2 + 2*j - 26. Let z(s) = 2*s**2 - 37*s + 67. Let m be z(16). What is the hundreds digit of l(m)?
2
Let b(q) be the third derivative of -8/3*q**3 + 15*q**2 + 0 + 0*q - 13/24*q**4. What is the units digit of b(-5)?
9
Suppose 35*d - 51655 = 76620. What is the tens digit of d?
6
Suppose -8*t - 898 = 142. Let h(q) = 16*q**2 + 6*q + 4. Let r be h(-5). Let l = r + t. What is the units digit of l?
4
Suppose 0 = -81*t + 86*t + 4*f - 135355, -108283 = -4*t - 3*f. What is the thousands digit of t?
7
Let q(l) = -l**3 + 31*l**2 - l + 34. Let k be q(31). Suppose -5*f + 1356 = 5*h - 304, -h + k*f = -328. What is the units digit of h?
1
Suppose 4*n = 4*u - 36, 8*u - 3*n = 3*u + 35. Suppose 0 = -u*z + 2*z - 3*s + 334, -3*z = -2*s - 514. Suppose 2*h = 4 + z. What is the units digit of h?
7
Suppose -5*l = -3*s + s - 3075, -3*s = 0. Let n = l + 141. Suppose 0 = 7*m - 3*m - n. What is the units digit of m?
9
Let v = -196 + 409. Suppose -4*l = 5*n - 0*n + v, 2*l + 209 = -5*n. What is the tens digit of 0/3 - 1 - n?
4
Let t(k) = 28*k**2 + 7*k. Let z be 2 - 2 - 12/(-4). What is the hundreds digit of t(z)?
2
Let w(a) = 140*a**2 - 3*a + 3. Let k = -6 - -7. Let u be w(k). Suppose -44*j - u = -45*j. What is the tens digit of j?
4
Let n(j) = -2*j**3 - 4*j**2 - 14*j - 254. What is the thousands digit of n(-26)?
2
Let s be (-2 - (-5)/2) + (-105)/(-30). Let r(i) = 21*i + 5. Let c(b) = 10*b + 2. Let n(w) = 9*c(w) - 4*r(w). What is the units digit of n(s)?
2
Let h = -267 - -309. Suppose 339 = 3*m + h. What is the tens digit of m?
9
Suppose -804*g = -790*g - 66766. What is the hundreds digit of g?
7
Suppose -2*u = 2*q - 2, -3*u - 4*q + 11 = -5*q. Suppose 3*n - u*x - 1272 = 0, -3*n + 4*x + 1288 = 5*x. What is the units digit of n?
8
Suppose 5*g - 6*g + 3627 = 0. What is the hundreds digit of ((-108)/(-135))/(g/3625 - 1)?
4
Let i be (-1)/(((-6)/36)/((-2)/(-3))). Suppose -h = i*g - 1227, 5*g = 5*h - 58 + 1623. Suppose -9*t + g = -2*t. What is the tens digit of t?
4
Suppose -38886 = -15*t - 5046. Suppose -4*q + 2*q + t = 4*x, 3*x = -3*q + 1686. What is the units digit of x?
6
What is the units digit of (20/10)/(14*(-8)/(-3268216))?
1
Suppose z - 2*z - 10 = 0. Let m be z/(-5)*(-3 + 4). Suppose -289 = -m*x + 25. What is the hundreds digit of x?
1
Let r be 3/3*-1 + 1 + 0. Suppose -27*t + 29*t - 1684 = r. What is the units digit of t?
2
Let w = -109 + 681. Suppose 4*b - 8 = -0*b. Suppose 0 = -3*a - b*x - 2*x + w, -3*a - 2*x + 562 = 0. What is the hundreds digit of a?
1
Let l = 56 - 60. Let c be l - (-6 - (-4)/1 - 6). What is the tens digit of (284/14 - 1) + c/(-14)?
1
Suppose x + r + 9 = 0, -4*r - r = -2*x + 17. Let t be 4/11*154/(-28). What is the units digit of t/((171/42 + x)/(-1))?
8
Let y be (-9)/9*10*1/(-2). Suppose 3*o - y*o + 5*a = -1719, 5 = -a. What is the hundreds digit of o?
8
Suppose 12*d + 1048 = 16*d. Let q = -136 + d. What is the tens digit of (-2)/(-4)*q/3?
2
Suppose 4*h - 11010 = -5*u + 8*h, -4*u = -5*h - 8808. What is the units digit of u?
2
Suppose 4*t + 12 = 7*t. Suppose 0 = -4*g + 3*g + h + 6, -2*g + t*h = -20. What is the units digit of (238/(-3))/(g/(-3))?
9
Suppose -80 = -7*c - 38. What is the hundreds digit of (-9012)/(-20) + -4 - c/10?
4
Let y(i) be the second derivative of -103/6*i**3 + 0 - 7*i + 2*i**2. What is the units digit of y(-1)?
7
Suppose -4*f = 9*x - 11*x + 97096, 242773 = 5*x + f. What is the units digit of x?
4
Let q(o) be the second derivative of o**5/20 - o**4/12 + o**3/6 + 303*o**2/2 + 12*o + 3. What is the units digit of q(0)?
3
Let x be 1984632/208 + (-1*2)/(-4). Suppose 9*v = 1078 + x. What is the thousands digit of v?
1
Suppose 152*b + 2*p - 9 = 151*b, 0 = -4*b + 3*p + 69. What is the units digit of b?
5
Let k be 10/6*(-18)/(-15). Let f = 2 - k. Suppose l + 324 = 4*d - f*l, -l + 243 = 3*d. What is the units digit of d?
1
Let d(h) = -h**3 - 12*h**2 - 49*h - 39. Let a be d(24). What is the tens digit of (-56)/308 - (1 + a/33)?
6
Suppose 0 = -5*j + 20, -4*j - 65111 = -26*o + 23*o. What is the hundreds digit of o?
7
Suppose -2*n = 3*m - 12244 - 55624, 0 = 4*m - 2*n - 90514. What is the ten thousands digit of m?
2
Suppose -r + 9*r - 10452 - 1548 = 0. What is the units digit of r?
0
What is the tens digit of (2 - 2/((-2)/(-3)))/(26/(-47216))?
1
Let q = 519 - 523. What is the hundreds digit of 1027 + (-5)/(5 + 0)*q?
0
Let u(f) be the second derivative of -34*f**3/3 + 23*f**2/2 - 40*f. What is the hundreds digit of u(-2)?
1
Let d = -169 + 165. What is the tens digit of (-3 - -2)/((d - -10)/(-150))?
2
What is the units digit of -7 + 34411/26*4?
7
Let f(c) be the third derivative of 5*c**4/4 + 5*c**3/6 + 58*c**2. What is the hundreds digit of f(14)?
4
Suppose 0 = 9*v - 8*v - 7. Suppose -8946 = -v*t - 7*t. What is the tens digit of t?
3
Let u(f) = 2*f + 11. Let v(z) be the first derivative of z**3/3 + z**2/2 - 2*z + 6. Let m be v(3). What is the tens digit of u(m)?
3
Let p(n) = 1975*n**2 + 158*n - 887. What is the thousands digit of p(6)?
1
Let s(z) be the first derivative of -7*z**2/2 - 12*z + 9. Let f be s(14). Let x = -31 - f. What is the tens digit of x?
7
Suppose 4*r + 2 = 6*r. Let d = r - -369. Suppose -9*m + 380 = -7*m - 4*n, 0 = -2*m + 2*n + d. What is the tens digit of m?
8
Let y be ((-4)/3)/(7 + (-75798)/10827). Suppose -3*l + z - y = -6*l, -4*z + 531 = l. What is the units digit of l?
5
Suppose 17 = -3*j + 29. Suppose j*d - 4*g = 16, 3*d + 5*g - 8 = 4*g. Suppose 3*n = -d*n + 1002. What is the hundreds digit of n?
1
Let b(q) = 9*q**2 + 7*q + 15. Let w be b(4). Let z = w + -111. What is the tens digit of z?
7
Let s be -6*((-51)/78 - 2/(-13)). Suppose -s*k + 15 = 0, 5*y + 181 = 6*y + 2*k. Let n = y - 113. What is the units digit of n?
8
Let v = 187 - 269. Let x = 21 - v. What is the hundreds digit of x?
1
Suppose -23684 + 4236 = -88*f. What is the units digit of f?
1
Suppose -y - 5*m + 7